 factors of 261618.
2, 3, 7, 6229
What are the prime factors of 25640777?
17, 1508281
List the prime factors of 3952152.
2, 3, 19, 107
What are the prime factors of 381834?
2, 3, 2357
What are the prime factors of 305711?
7, 17, 367
What are the prime factors of 6512814?
2, 3, 7, 11, 37, 127
List the prime factors of 25512505.
5, 5102501
What are the prime factors of 867964?
2, 216991
List the prime factors of 1571996.
2, 59, 6661
List the prime factors of 5769653.
5769653
List the prime factors of 198576.
2, 3, 7, 197
What are the prime factors of 3681250?
2, 5, 19, 31
What are the prime factors of 5210901?
3, 167, 3467
What are the prime factors of 1479349?
461, 3209
What are the prime factors of 154041?
3, 51347
List the prime factors of 509155.
5, 79, 1289
What are the prime factors of 184893?
3, 61631
What are the prime factors of 26707833?
3, 17, 31, 1877
List the prime factors of 5671283.
103, 55061
List the prime factors of 5702806.
2, 2851403
What are the prime factors of 3374334?
2, 3, 187463
What are the prime factors of 7004989?
211, 33199
List the prime factors of 7766116.
2, 787, 2467
What are the prime factors of 12252338?
2, 7, 61, 14347
What are the prime factors of 1045893?
3, 19, 59, 311
What are the prime factors of 78003?
3, 107
List the prime factors of 303619.
303619
What are the prime factors of 833591?
11, 75781
What are the prime factors of 1227997?
521, 2357
List the prime factors of 100072.
2, 7, 1787
List the prime factors of 12613172.
2, 11, 13, 22051
List the prime factors of 492797.
29, 16993
List the prime factors of 596477.
7, 37, 47
List the prime factors of 4788589.
13, 19, 19387
List the prime factors of 2540057.
13, 195389
List the prime factors of 3276183.
3, 1092061
List the prime factors of 304554.
2, 3, 193, 263
List the prime factors of 20731109.
7, 17, 19, 53, 173
List the prime factors of 2233415.
5, 23, 19421
What are the prime factors of 60782?
2, 30391
List the prime factors of 983141.
983141
What are the prime factors of 33250?
2, 5, 7, 19
What are the prime factors of 17221403?
17221403
List the prime factors of 278952.
2, 3, 59, 197
List the prime factors of 4276966.
2, 2138483
What are the prime factors of 402430?
2, 5, 7, 5749
List the prime factors of 363771.
3, 499
What are the prime factors of 238574?
2, 7, 17041
List the prime factors of 2941785.
3, 5, 7, 11, 283
What are the prime factors of 1693279?
7, 71, 3407
List the prime factors of 1603723.
11, 31, 4703
What are the prime factors of 1782953?
101, 127, 139
List the prime factors of 1730725.
5, 107, 647
List the prime factors of 13263034.
2, 29, 347, 659
What are the prime factors of 24072396?
2, 3, 2006033
What are the prime factors of 18681993?
3, 11, 188707
List the prime factors of 9009854.
2, 7, 263, 2447
What are the prime factors of 9072378?
2, 3, 7, 24001
What are the prime factors of 7820803?
7820803
What are the prime factors of 6401263?
11, 52903
What are the prime factors of 196256?
2, 6133
What are the prime factors of 18987750?
2, 3, 5, 29, 97
List the prime factors of 882909.
3, 98101
What are the prime factors of 1001821?
1001821
What are the prime factors of 2186934?
2, 3, 73, 4993
List the prime factors of 38029194.
2, 3, 7, 43117
What are the prime factors of 2108283?
3, 83, 8467
What are the prime factors of 722310?
2, 3, 5, 24077
What are the prime factors of 3410001?
3, 7, 113, 479
List the prime factors of 20810.
2, 5, 2081
What are the prime factors of 1494654?
2, 3, 7, 19, 1873
What are the prime factors of 6621283?
6621283
What are the prime factors of 1061355?
3, 5, 173, 409
What are the prime factors of 15214?
2, 7607
What are the prime factors of 2506849?
83, 30203
List the prime factors of 497857.
19, 26203
What are the prime factors of 2200977?
3, 244553
What are the prime factors of 282367?
41, 71, 97
List the prime factors of 3726111.
3, 17, 73061
What are the prime factors of 70881?
3, 23627
List the prime factors of 15635664.
2, 3, 11, 9871
What are the prime factors of 531487?
11, 19, 2543
What are the prime factors of 182224?
2, 7, 1627
What are the prime factors of 1660839?
3, 47, 11779
What are the prime factors of 8188?
2, 23, 89
List the prime factors of 196381.
43, 4567
What are the prime factors of 7781014?
2, 3890507
What are the prime factors of 12025180?
2, 5, 601259
List the prime factors of 935044.
2, 11, 79, 269
What are the prime factors of 1632929?
71, 109, 211
What are the prime factors of 144122?
2, 11, 6551
List the prime factors of 3417192.
2, 3, 31, 1531
What are the prime factors of 15699568?
2, 17, 57719
List the prime factors of 261409.
17, 15377
List the prime factors of 12305.
5, 23, 107
List the prime factors of 6197703.
3, 211, 9791
What are the prime factors of 1217615?
5, 7, 19, 1831
What are the prime factors of 8065667?
17, 37, 12823
List the prime factors of 53947.
73, 739
List the prime factors of 267741.
3, 71, 419
What are the prime factors of 1606537?
1606537
What are the prime factors of 1043855?
5, 23, 29, 313
What are the prime factors of 43779433?
43779433
What are the prime factors of 15698581?
23, 682547
What are the prime factors of 19019615?
5, 3803923
List the prime factors of 2832612.
2, 3, 137, 1723
List the prime factors of 290539.
290539
List the prime factors of 12365532.
2, 3, 389, 883
What are the prime factors of 15099381?
3, 11, 152519
List the prime factors of 709442.
2, 229, 1549
What are the prime factors of 65003?
65003
List the prime factors of 2872844.
2, 13, 101, 547
List the prime factors of 510186.
2, 3, 23, 3697
List the prime factors of 8206552.
2, 1025819
What are the prime factors of 862605?
3, 5, 29, 661
What are the prime factors of 425789?
7, 13, 4679
What are the prime factors of 106081?
43, 2467
What are the prime factors of 17491059?
3, 215939
What are the prime factors of 23758633?
23758633
List the prime factors of 6539216.
2, 408701
List the prime factors of 1093741.
11, 99431
What are the prime factors of 611869?
23, 37, 719
What are the prime factors of 973335?
3, 5, 11, 17, 347
List the prime factors of 50222.
2, 25111
List the prime factors of 51043.
51043
List the prime factors of 25208098.
2, 19, 663371
What are the prime factors of 16971517?
16971517
List the prime factors of 2583790.
2, 5, 11, 83, 283
What are the prime factors of 199972?
2, 49993
List the prime factors of 25922217.
3, 8640739
List the prime factors of 30601.
71, 431
List the prime factors of 170125.
5, 1361
List the prime factors of 1082854.
2, 67, 8081
What are the prime factors of 278582?
2, 139291
What are the prime factors of 452684?
2, 113171
What are the prime factors of 13294304?
2, 415447
List the prime factors of 994232.
2, 19, 31, 211
List the prime factors of 3157383.
3, 233, 4517
List the prime factors of 639673.
19, 131, 257
List the prime factors of 29237.
13, 173
List the prime factors of 356091.
3, 29, 4093
List the prime factors of 5213946.
2, 3, 137, 6343
List the prime factors of 5471181.
3, 607909
List the prime factors of 342949.
342949
What are the prime factors of 991170?
2, 3, 5, 3671
What are the prime factors of 307124?
2, 76781
What are the prime factors of 15449945?
5, 7, 19, 3319
List the prime factors of 27620.
2, 5, 1381
What are the prime factors of 4500151?
191, 23561
What are the prime factors of 36114882?
2, 3, 457, 13171
List the prime factors of 12638408.
2, 23, 68687
List the prime factors of 14150024.
2, 7, 36097
What are the prime factors of 2928566?
2, 1464283
What are the prime factors of 1178780?
2, 5, 17, 3467
List the prime factors of 974192.
2, 60887
List the prime factors of 283107.
3, 11, 23, 373
List the prime factors of 192469.
197, 977
What are the prime factors of 45214?
2, 13, 37, 47
What are the prime factors of 2555475?
3, 5, 13, 2621
List the prime factors of 906385.
5, 181277
What are the prime factors of 1843144?
2, 230393
List the prime factors of 259869.
3, 29, 103
List the prime factors of 127987.
131, 977
List the prime factors of 193472.
2, 3023
What are the prime factors of 280644?
2, 3, 7, 13, 257
What are the prime factors of 2634660?
2, 3, 5, 7, 17, 41
List the prime factors of 660027.
3, 220009
What are the prime factors of 219160?
2, 5, 5479
What are the prime factors of 221